at is the greatest common factor of 88 and r?
11
Suppose -5*r + 65 = 5*j, -3*r = 5*j - 9 - 40. Let x(q) = 6*q**2 - q - q - 2*q**2. Let n be x(-2). What is the highest common factor of n and r?
4
Let j = 23 + -14. What is the highest common factor of j and 18?
9
Let w(j) = -j + 1. Let p be w(-9). Calculate the highest common divisor of p and 40.
10
Suppose -3*v + 2 + 16 = 0. Suppose w + v = 2*m, -5*w - m - 1 + 4 = 0. Suppose -i + 8 + 24 = w. Calculate the highest common divisor of i and 8.
8
Let z(w) = 5*w**2 + 15*w - 2. Let i(u) = u**2 + u. Let l(s) = -6*i(s) + z(s). Let c be l(7). Calculate the greatest common factor of 12 and c.
12
Let c = -30 + 75. Let s(u) = u**3 + u**2 + u + 5. Let l be s(0). What is the highest common factor of l and c?
5
Suppose -x + 2*m = 4*x - 407, -328 = -4*x + 4*m. Calculate the greatest common factor of x and 9.
9
Let q(f) = f**3 - 5*f**2 - 14*f + 7. Let t be q(7). Calculate the greatest common divisor of 77 and t.
7
Let a(y) = -y**3 - y**2 - y + 10. Let u be a(0). Let j = -47 - -67. Calculate the greatest common factor of j and u.
10
Suppose 2*n - 18 = 22. Suppose -14*s + 551 = -9. Calculate the greatest common factor of s and n.
20
Let o = -10 - -26. Let j be 7 - (-3)/(3/(-2)). Suppose 2*k - 538 = -k - j*s, -s + 178 = k. What is the greatest common divisor of o and k?
16
Suppose 7*h - 52 = 3*h. Suppose 76 = 2*g + 3*b - 4*b, 0 = -4*g - 2*b + 160. Calculate the greatest common factor of g and h.
13
Let x = 39 + -20. What is the highest common factor of x and 19?
19
Suppose 3*c - 252 - 69 = 0. Suppose l = -0*l + c. Suppose 5*k - 298 = l. What is the highest common factor of k and 9?
9
Suppose -3 = m - 14. Suppose -i + 123 = -5*y + 3*y, y = -1. What is the greatest common divisor of m and i?
11
Let h = 43 - 13. Let v be (-5)/h + (-206)/(-12). Suppose b - 2*y + 76 = 227, -5*y = -3*b + 454. Calculate the highest common factor of b and v.
17
Suppose z = 5*j - 2, -4 + 0 = -5*j + 2*z. Suppose g - 15 - 21 = j. What is the highest common divisor of 9 and g?
9
Suppose -5*c + 5*b + 0 = -5, -4*c - 4*b = -36. Let m(u) = 10*u**2 - 3*u + c*u - 4*u**2 + 1 - u. Let l be m(-1). Calculate the highest common divisor of 2 and l.
2
Let u = 43 - 21. What is the highest common factor of u and 176?
22
Let s(q) = q**3 + 5*q**2 + 5*q + 5. Let h be s(-2). Let w(j) = j**3 + 3*j**2 - 7*j - 5. Let y be w(-4). What is the highest common factor of h and y?
7
Let t = -12 - -46. What is the greatest common divisor of 272 and t?
34
Let w(s) = -4*s**2 - 11*s + 3. Let o(r) = -3*r**2 - 10*r + 4. Let z(t) = 5*o(t) - 4*w(t). Let c be z(7). What is the highest common factor of c and 10?
5
Suppose -28 = b - 5*b. Let g = 40 + -19. What is the greatest common factor of g and b?
7
Suppose 86 = 4*f - 74. Suppose 0 = 5*q - 10, 4*q = 4*i - i - f. Let o(j) = -j**2 - j + 40. Let a be o(0). What is the highest common factor of a and i?
8
Let m = -18 + 30. What is the highest common factor of m and 24?
12
Let x(j) = 2*j**2 - 2*j + 22. Let r be x(0). Let h = r - 10. Let b(a) = -a**3 - a**2 - 2*a - 2. Let l be b(-5). What is the highest common factor of h and l?
12
Let n(z) = 3*z**2 - z + 1. Let m be n(1). Suppose -4 = -3*x + 2. Let p be -21*(x - m)*1. Calculate the highest common divisor of p and 3.
3
Let i be (0 - 2)/(-1) - 21. Let a = i - -29. Calculate the highest common factor of a and 30.
10
Let u(a) = -a. Let y be u(-3). Let o(n) = 28*n - 1. Let q be o(1). Calculate the greatest common factor of y and q.
3
Suppose -2*g - g = -42. Calculate the highest common factor of 42 and g.
14
Let c(w) = -2*w**2 + 2*w - 2. Let p be c(-4). Let h be (-12)/p - (-906)/14. What is the highest common factor of h and 13?
13
Let p be 1/(-3) - (-37)/3. Suppose 2*x + p = 6*x. Suppose -z + 60 = x*z. Calculate the highest common factor of z and 6.
3
Suppose -4*v = -a + 1 + 13, 3*v = -a. Calculate the highest common divisor of 54 and a.
6
Let x be (2/(-3))/((-2)/(-48)). Let b be ((-1)/2)/((-4)/x). Let h be 3/(-6)*b*6. What is the highest common divisor of 30 and h?
6
Let v(b) = -b**3 + 5*b**2 + b + 5. Let r be v(5). Calculate the highest common divisor of r and 80.
10
Suppose -2*f - 16 = -5*s, -2*s = -0*f + f - 10. Calculate the greatest common divisor of 22 and f.
2
Let z(s) = -86*s + 2. Let n be z(-3). What is the greatest common divisor of 26 and n?
26
Let j = -22 + 66. Suppose 0 = -5*p - 159 + 19. Let v = 39 + p. Calculate the greatest common factor of j and v.
11
Let c(j) = -j**3 + 9*j**2 - j + 1. Let x(o) = o**2 - o - 1. Let l(f) = c(f) - 4*x(f). Let t be l(5). Calculate the greatest common divisor of t and 30.
10
Suppose 5*g = 3*h - 65, -2*g + 6*g - 140 = -4*h. What is the greatest common factor of 45 and h?
15
Suppose 3*a = -0*a + 135. Let x(c) = -c**3 - 4*c**2 + 4*c. Let m be x(-5). What is the greatest common factor of a and m?
5
Suppose 6*x - 10 = x. Let h be x - (57/(-1) + 2). What is the greatest common factor of h and 19?
19
Suppose 0 = p + 4*p. Suppose 4*y = -p*y + 80. What is the highest common factor of y and 160?
20
Let m = 71 - 37. What is the highest common divisor of 17 and m?
17
Suppose 0 = t - 2*t + 7. Suppose 90 = -2*m + 7*m. Let z = m - -45. What is the greatest common divisor of t and z?
7
Let f(k) = k**2 - 2*k - 8. Let u be f(5). Let h = 17 + u. What is the greatest common divisor of h and 12?
12
Let i(z) = z**2 - z + 22. Let f be i(0). Let w = 12 - -54. Calculate the highest common divisor of w and f.
22
Let u be (-66)/18 - (-1)/(-3). Let z(l) = -3*l - 2. Let w be z(u). What is the greatest common divisor of w and 10?
10
Let m = -8 - -11. Suppose -m*q = -231 - 45. Suppose 5*p - q = 2*t + 54, -4*t + 128 = 4*p. What is the highest common divisor of 10 and p?
10
Let i = 21 - 15. Suppose 3*l = -2*v + 42, -2*l + 0*v - 4*v = -36. Calculate the highest common divisor of i and l.
6
Let r(w) = -w**3 - 7*w**2 - 9*w - 8. Let p(j) = -j**2 - 9*j - 6. Let i be p(-9). Let f be r(i). Calculate the highest common divisor of 70 and f.
10
Suppose 2*n + 4*w - 222 = 0, -5*n + 3*w + w + 583 = 0. Suppose -5*c = -0*c - 115. Calculate the greatest common factor of n and c.
23
Let a be 4/3 - (-2)/3. Suppose h - 28 = -a*n - 3*n, -h + 13 = 2*n. What is the highest common divisor of 15 and n?
5
Let p(b) = -5*b - 18. Let o be p(-7). Calculate the greatest common factor of o and 187.
17
Let k be (-2 - -4) + 304/2. Calculate the greatest common divisor of k and 14.
14
Let s(m) = m**3 + 5*m**2. Let c be s(-5). Let y(d) = c*d - 6*d + 3*d + 1 + d**2. Let n be y(4). Calculate the greatest common divisor of 25 and n.
5
Let l = 88 - 52. Calculate the greatest common divisor of 18 and l.
18
Suppose 223 = 26*z - 115. Let t be 13/((-1)/(-11)*1). Calculate the greatest common factor of z and t.
13
Let g be (-2)/6 - 1644/(-18). Suppose 0 = -u + 2*u - 4*j + 3, -2*u + 18 = -2*j. What is the greatest common factor of u and g?
13
Let w(r) = 12*r**2 - 3*r - 3. Let x be w(-2). Let u(p) = 13*p**2 + p + x*p**2 + 6*p**2 - 1. Let z be u(1). What is the greatest common factor of 14 and z?
14
Let n(j) = 3*j - 7. Let x be n(7). Let s be -10 + x - (1 - 6). What is the highest common divisor of s and 9?
9
Suppose -16*y + 14*y + 28 = 0. Calculate the greatest common factor of 21 and y.
7
Let b = -85 - -95. Suppose -x - 4*z + 32 = 0, 3*z + 2*z = 5*x - 85. Calculate the highest common factor of b and x.
10
Let c = -7 - -10. Suppose c*x = -x + 12. Suppose -j = 4*r + j - 14, -j + x = 0. What is the highest common divisor of 2 and r?
2
Suppose 0*k = 2*k - 6. Suppose -f = r - 2, -k*r - 10 + 4 = 0. What is the highest common divisor of f and 1?
1
Let z be 2/(-11) - 1935/(-55). Let i be (-10)/z + 573/21. Calculate the greatest common factor of i and 18.
9
Let o = 1 - 8. Let g = -3 - o. Suppose -g*w + 408 - 48 = 0. Calculate the greatest common factor of w and 10.
10
Let r be (0 + 7/1)*9. Suppose -2*t = t - 21. What is the greatest common divisor of r and t?
7
Let r(t) = -3*t**2 + 2*t - 13. Let a be r(11). Let g = 65 + a. Let x be g/(-4) - 2/8. Calculate the greatest common factor of 24 and x.
24
Let t(p) be the second derivative of -p**3/6 + 25*p**2/2 - p. Let h be t(0). Calculate the highest common factor of 10 and h.
5
Let u(f) = -f**2 - 3*f + 10. Let d be u(-6). Let k be 2/d - 126/(-24). What is the greatest common di